is the greatest common divisor of 1456 and 32648?
56
Calculate the greatest common divisor of 2335484 and 4.
4
Calculate the greatest common divisor of 15648 and 31200.
96
What is the greatest common factor of 676 and 245726?
338
What is the highest common divisor of 56 and 745616?
8
What is the highest common divisor of 4630 and 70?
10
Calculate the highest common divisor of 70 and 68810.
70
Calculate the highest common divisor of 13905 and 10071.
27
What is the greatest common divisor of 787346 and 14?
14
What is the greatest common divisor of 73088 and 133614?
1142
What is the greatest common divisor of 82 and 605611?
41
Calculate the highest common factor of 72030 and 240.
30
What is the highest common factor of 78451 and 76?
19
Calculate the highest common divisor of 80982 and 198.
198
Calculate the greatest common divisor of 709169 and 157.
157
Calculate the greatest common divisor of 2001 and 20445.
87
What is the greatest common factor of 81748 and 2996?
428
What is the highest common factor of 12 and 6711?
3
What is the highest common divisor of 174 and 18415?
29
What is the highest common divisor of 99977 and 17?
17
Calculate the greatest common divisor of 528 and 5388.
12
What is the highest common factor of 9676 and 40918?
82
Calculate the greatest common divisor of 13048925 and 50.
25
Calculate the greatest common factor of 216918 and 156.
78
What is the highest common factor of 570 and 8019140?
190
What is the highest common divisor of 17 and 298163?
17
Calculate the highest common factor of 4781 and 294.
7
Calculate the highest common divisor of 2112 and 42592.
352
What is the highest common factor of 2226 and 29680?
742
What is the greatest common divisor of 22325 and 37525?
475
Calculate the highest common divisor of 527 and 7730563.
527
Calculate the highest common divisor of 2319 and 309.
3
Calculate the highest common factor of 124259 and 9179.
137
Calculate the greatest common divisor of 25312 and 138208.
224
What is the greatest common divisor of 576 and 32364?
36
What is the greatest common factor of 2245 and 20?
5
Calculate the highest common divisor of 200 and 2140.
20
Calculate the greatest common divisor of 14883 and 15785.
451
Calculate the greatest common divisor of 332 and 1494.
166
Calculate the highest common factor of 96 and 203680.
32
What is the highest common factor of 639 and 2932584?
213
Calculate the highest common factor of 1963 and 390.
13
What is the greatest common divisor of 112 and 63196?
28
What is the highest common factor of 26211 and 3?
3
What is the highest common factor of 836 and 312246?
418
Calculate the greatest common divisor of 73852 and 296.
148
What is the highest common divisor of 3190 and 176?
22
Calculate the highest common factor of 1458 and 111.
3
What is the greatest common factor of 156442 and 52?
26
Calculate the greatest common factor of 695 and 121347.
139
Calculate the greatest common factor of 10800 and 44955.
135
Calculate the highest common factor of 1280 and 70.
10
Calculate the greatest common factor of 412412 and 1848.
308
What is the greatest common factor of 186964 and 86?
86
Calculate the highest common factor of 45 and 566802.
9
Calculate the greatest common divisor of 2891 and 597611.
413
What is the highest common factor of 95750 and 40598?
766
What is the highest common divisor of 22 and 5270?
2
Calculate the greatest common divisor of 119190 and 17110.
290
What is the greatest common factor of 54439 and 4312?
539
What is the highest common factor of 163900 and 12100?
1100
What is the highest common factor of 560014 and 714?
238
What is the greatest common factor of 363755 and 133?
133
What is the greatest common factor of 24 and 726612?
12
Calculate the highest common divisor of 1302 and 6531.
21
Calculate the greatest common divisor of 226233 and 81.
81
Calculate the greatest common divisor of 764 and 1063106.
382
Calculate the greatest common divisor of 30116 and 4.
4
What is the highest common divisor of 2950907 and 653?
653
Calculate the highest common factor of 1257382 and 1102.
1102
What is the greatest common factor of 49 and 801297?
49
Calculate the greatest common factor of 7467 and 19.
19
Calculate the greatest common divisor of 240 and 5744.
16
Calculate the highest common factor of 157597 and 198.
11
What is the greatest common divisor of 380 and 10412?
76
Calculate the greatest common divisor of 762066 and 36.
18
What is the greatest common divisor of 110504 and 152?
152
What is the highest common divisor of 7380 and 310698?
738
What is the greatest common factor of 200 and 368200?
200
What is the greatest common divisor of 4439 and 11194?
193
What is the highest common factor of 123354 and 19224?
1602
What is the greatest common factor of 340697 and 5474?
119
Calculate the highest common factor of 1038 and 29929.
173
Calculate the highest common factor of 1099670 and 78.
26
Calculate the highest common factor of 3384 and 88548.
564
Calculate the greatest common factor of 513000 and 864.
216
What is the greatest common divisor of 6006611 and 299?
299
What is the greatest common divisor of 2673 and 3498?
33
What is the highest common divisor of 1292 and 33212?
76
Calculate the highest common factor of 3632866 and 5015.
1003
Calculate the highest common divisor of 478588 and 149.
149
What is the highest common divisor of 28 and 7623014?
14
What is the greatest common divisor of 108 and 3807?
27
What is the highest common divisor of 13348700 and 100?
100
Calculate the highest common factor of 31 and 64201.
31
What is the highest common divisor of 64075 and 37280?
1165
What is the greatest common divisor of 11899 and 365?
73
What is the highest common divisor of 435 and 17340?
15
What is the greatest common divisor of 144 and 16944?
48
Calculate the highest common factor of 1827556 and 652.
652
Calculate the greatest common factor of 9288 and 165464.
344
What is the greatest common factor of 43 and 690408?
43
What is the highest common factor of 788 and 14?
2
What is the highest common divisor of 1588803 and 714?
51
What is the highest common factor of 27 and 13095?
27
What is the greatest common factor of 7 and 291748?
1
Calculate the highest common divisor of 33 and 3027.
3
What is the highest common divisor of 16 and 7915016?
8
Calculate the greatest common divisor of 988 and 8419736.
988
Calculate the highest common divisor of 196086 and 286.
22
What is the highest common divisor of 9 and 129036?
3
Calculate the greatest common divisor of 14 and 224.
14
Calculate the greatest common factor of 255550 and 4842.
538
What is the greatest common factor of 9801 and 18271?
121
What is the greatest common divisor of 59415 and 4947?
51
Calculate the highest common divisor of 110551 and 8361.
929
Calculate the greatest common factor of 231 and 118797.
21
What is the highest common divisor of 740 and 2072?
148
What is the highest common divisor of 8643 and 11481?
129
Calculate the highest common factor of 271100 and 460.
20
What is the highest common factor of 298758 and 2146?
58
What is the greatest common divisor of 45264 and 115?
23
What is the highest common divisor of 2520 and 19152?
504
Calculate the highest common divisor of 380 and 1040.
20
What is the greatest common divisor of 42 and 1675156?
14
What is the highest common factor of 1484 and 39697?
371
What is the greatest common factor of 336146 and 262?
262
Calculate the greatest common factor of 368740 and 2369.
103
Calculate the greatest common factor of 2822 and 4896.
34
What is the greatest common factor of 143612 and 7?
7
Calculate the highest common factor of 615678 and 10914.
642
What is the greatest common divisor of 90328 and 200?
8
Calculate the highest common divisor of 4815 and 32640.
15
What is the greatest common divisor of 29850 and 30?
30
What is the greatest common divisor of 6 and 85836?
6
Calculate the highest common divisor of 184 and 396584.
8
Calculate the highest common divisor of 43029 and 153.
9
What is the highest common divisor of 166 and 13050754?
166
What is the highest common factor of 208 and 1261?
13
What is the highest common divisor of 4797 and 5031?
117
Calculate the greatest common divisor of 140 and 755020.
140
What is the greatest common divisor of 196430 a